prime factors of p(-5)?
2, 3
Let f be 370/130 + (-4)/(-26). Suppose f*a - 3*o - 6 = 0, 2*o + 5 = 3*a - 1. What are the prime factors of a?
2
Suppose 3*s = -3*o + 4 - 1, 0 = 2*o + 4. Let l(b) = -5 - 2 - 2*b**2 + 5 - 2*b**s + 3. List the prime factors of l(-2).
3
Suppose 4*u - 2*r = -0*r + 24, -4*u - r = -12. Suppose 0 = z - 5, -u = -n - z + 3. List the prime factors of n.
2
Suppose 4 - 6 = -n. Let m(y) = 5*y**2 + 0*y**2 - 2*y**3 - 2*y**2 - 5*y**n. What are the prime factors of m(-2)?
2
Let q(i) = i**2 + i - 1. Let r be (6/(-4))/(6/12). List the prime factors of q(r).
5
Let z be (-760)/(-18) + 20/(-90). Suppose 72 = 3*r - 3*i, -i - 4*i + z = r. List the prime factors of r.
3
Let t be 3*6/(-9) - -4. Suppose 6*v = t*v + 24. What are the prime factors of v?
2, 3
Suppose 3*r + 47 = -5*u + u, -5*r + 4*u = 57. Let j = r + 7. What are the prime factors of (-80)/12*j/4?
2, 5
Suppose 0 = 2*a - l, -18 = -5*a - 3*l + 4. What are the prime factors of a?
2
Let t be 58*((-4)/8 - 0). Let z = -18 - t. What are the prime factors of z?
11
Suppose j - 2*n = -0*j - 2, -12 = -j - 5*n. Suppose 2*q - t - 5 = 0, -5*t = 2*q - q + 14. What are the prime factors of 3/q - (j - 2)?
3
Let a = 27 - 2. What are the prime factors of a?
5
Let w(r) = r**3 + r + 2. Let t be w(0). Suppose i + 2*a - 16 = 0, 0*a + 27 = t*i - a. What are the prime factors of i?
2, 7
Let d = 8 + -2. Suppose -d = -n + 30. Suppose 5*i - n = i. List the prime factors of i.
3
Let k = -37 - -85. List the prime factors of k.
2, 3
Suppose 0*p - 190 = -5*p. What are the prime factors of p?
2, 19
Suppose w + 50 = 3*w. Suppose -3*q + w = -23. Suppose n - 5*j - q = 0, -3 = 5*n - 2*j - 37. What are the prime factors of n?
2, 3
Let f = 53 - 107. Let j = -31 - f. List the prime factors of j.
23
Let o(k) = -k**3 - 2*k**2 - k + 1. Let d be o(2). Let z = -12 - d. List the prime factors of z.
5
Suppose -5*k = -4*k - 3. Suppose v + 0*v - 3 = 0, 4*c - 17 = -k*v. Let u(l) = 3*l**2 - l + 1. List the prime factors of u(c).
11
Let d(l) be the second derivative of 2*l**3/3 - l**2/2 - 2*l. List the prime factors of d(4).
3, 5
Suppose 5*s = n - 80, -14 = 2*s + 2*n + 6. Let w(g) = -5*g**3 + 3*g**2 + 3*g. Let k be w(3). List the prime factors of k/s - 4/(-10).
7
Suppose 0 = -4*m - 1 + 9. Suppose m*p - 7 = -1. What are the prime factors of p?
3
Let m(h) = h**2 + 9*h - 15. What are the prime factors of m(7)?
97
What are the prime factors of ((-27)/18)/(2/(-188))?
3, 47
Suppose -15 = 5*x, 2*x + 141 = c + 4*c. List the prime factors of c.
3
Let l be 14/5 - 7/(-35). Suppose -4*k - 4*v = -76, l*v + 3 = -0*k + k. List the prime factors of k.
3, 5
Suppose -k - 2*y = -90, 0 = 4*k + 3*y - 200 - 165. What are the prime factors of k?
2, 23
Let r = -6 + 11. Let n = r + -5. Suppose 0 = w - n*w - 8. What are the prime factors of w?
2
Let w = 2 + -2. Suppose -2*t = 4*g + 10, -t - t + 4*g - 2 = w. Let j = t - -7. List the prime factors of j.
2
Let t = 31 + -8. Let k = t + -8. What are the prime factors of k?
3, 5
Suppose 5*w - 644 = z, -643 = -5*w - 3*z + 5*z. Suppose 3*a = 6*a - w. List the prime factors of a.
43
Let t be (-3 - 0/3)*-3. Suppose -x + 5*x = 0, -j - 3*x = -t. List the prime factors of j.
3
Let s be -2 + 0 + 9/3. Let k = -5 + s. What are the prime factors of (-6)/k + 1/2?
2
Suppose 2*o = 20 + 468. What are the prime factors of o?
2, 61
Let r(p) = -p**3 - 5*p**2 - 8*p - 3. Let u(m) = -2*m**3 - 9*m**2 - 17*m - 5. Let x(d) = -5*r(d) + 2*u(d). Let g = -22 - -16. What are the prime factors of x(g)?
5
Suppose -3*v - 3*c = 18, 2*v + 0 = -4*c - 16. Let r = v + 10. What are the prime factors of r?
2, 3
Let g(q) = 4*q. Let x be g(5). Suppose 0 = -z - 2*w + 5*w + x, -25 = 5*w. What are the prime factors of z?
5
Suppose 0*p = b - p - 28, -3*b + 85 = -2*p. What are the prime factors of b?
29
Let u(b) = -b + 2. Let d be u(-3). Suppose -2*n - c + 0*c + 22 = 0, 0 = n + 2*c - d. Suppose 31 = 4*y - n. What are the prime factors of y?
11
Let r(w) = -w**2. Let q be r(2). Let z(x) be the first derivative of x**3/3 + 3*x**2/2 + 4*x - 6. What are the prime factors of z(q)?
2
Let t = 512 + -201. What are the prime factors of t?
311
Suppose 2*q - 7*q = -635. What are the prime factors of q?
127
Suppose 3*t + 2*t = 30. Let z be ((-2)/3)/(2/t). What are the prime factors of 2/4 + (-7)/z?
2
Let a = -96 - -138. Let m = -22 + a. List the prime factors of m.
2, 5
Let u be 27/4 + (-3)/(-12). Let h be (u - -1)*(-22)/8. Let t = -14 - h. List the prime factors of t.
2
Let m(v) = -5*v + 23. List the prime factors of m(-7).
2, 29
Let g = -45 - -86. Let b = g - 8. List the prime factors of b.
3, 11
Let d(m) be the third derivative of -m**4/24 + 3*m**3/2 - m**2. Let a be d(5). Suppose 9*c - 25 = a*c. List the prime factors of c.
5
Suppose -2*w + 4 = -0. Suppose i - 39 = -2*i + 3*y, w*i = 3*y + 26. List the prime factors of i.
13
What are the prime factors of (-6)/(-9)*(43 + -1)?
2, 7
Let z(p) be the third derivative of p**4/24 + 2*p**3/3 - 3*p**2. List the prime factors of z(6).
2, 5
Let z(q) = 41*q - 42. What are the prime factors of z(11)?
409
Let d(b) = -4*b + 4*b - 17*b. What are the prime factors of d(-1)?
17
Let a = 6 - 2. Suppose 22 = -a*y + 106. What are the prime factors of y?
3, 7
What are the prime factors of (-278)/(-2) - (8 + -8 + 4)?
3, 5
Let d = -85 - -151. Let g = 110 - d. What are the prime factors of g?
2, 11
Suppose -v + 0*d - d + 176 = 0, -704 = -4*v + 3*d. What are the prime factors of v?
2, 11
Suppose -15 = -2*b - 3*b. Suppose 0 = r + 3*t - 22 + 1, -b*t = 5*r - 81. List the prime factors of r.
3, 5
Let x(z) = -44*z + 10. What are the prime factors of x(-4)?
2, 3, 31
Let s = 113 + -92. What are the prime factors of s?
3, 7
Suppose -3*j - 2*j + 15 = 0. Let a = 6 - j. Suppose -2*z - z + 39 = 5*x, 0 = -z + a*x + 13. What are the prime factors of z?
13
Suppose 4*i = 7*i. Let v = 20 - 12. Let q = i + v. What are the prime factors of q?
2
Let k(o) = o**2 + 1. Let l(d) = -3*d**2 + d. Let b(u) = -2*k(u) - l(u). Let f(j) = -2*j - 9. Let s be f(-6). List the prime factors of b(s).
2
Suppose 5*w + 277 = 6*w. What are the prime factors of w?
277
Suppose 2*m = 2*i + m + 69, 2*i = -2*m - 54. What are the prime factors of i/(-2) + 0 + 1?
17
Let w be (-3 - -12)/(6/4). Suppose -3*d + 0*d = -w. Suppose -5*a = -2*o - d*o + 33, -3*o + 24 = -4*a. What are the prime factors of o?
2, 3
Suppose k = -0*k + 1. List the prime factors of k - (-1 - (-38)/(-2)).
3, 7
Suppose 65 = 3*g + 2*k - 23, 91 = 3*g - k. Suppose 12 + g = 3*h. List the prime factors of h.
2, 7
Let z = 39 + -23. Let m be z/(-12)*(-54)/4. Let j = m + -7. List the prime factors of j.
11
Let y(s) = -4*s**3 - s**2 + 3*s + 2. Suppose 0 = -a + 3*a + 4. Let m be y(a). Suppose -m = -2*d - 2*d. What are the prime factors of d?
2, 3
Let u(w) = 4*w + 8. Let m be u(7). Let f be ((-4)/(-6))/(8/m). Suppose -f*z - z = -8. List the prime factors of z.
2
Let p be (-3)/(-2)*(-20)/(-15). Let w(b) = b**2 + 3*b - 1. Let t be w(p). Let j(v) = v**3 - 8*v**2 - 9*v + 2. List the prime factors of j(t).
2
Let l(v) = -3*v**2 - 8*v + 9. Let u(a) = -4*a**2 - 12*a + 13. Let g(o) = 7*l(o) - 5*u(o). Let x be g(2). Suppose -3 = -x*h + 1. List the prime factors of h.
2
Suppose 2*b + 0*u + 4*u - 12 = 0, 5*u - 18 = -4*b. Suppose -b*y - 4*w = -24, 4*y - 32 = -0*y - 4*w. List the prime factors of y.
2
Let q(u) = u**2 + 3*u. Let d be q(-2). List the prime factors of (-6)/(d - 9/(-6)).
2, 3
Let f(c) = 13*c + 46. What are the prime factors of f(9)?
163
Let y(u) = -1 + 6 - u**2 - u + u**3 + 2*u. List the prime factors of y(0).
5
List the prime factors of (41 + -1)/2*432/64.
3, 5
Let y be 435/25 - 4/10. Suppose 0 = b + 7 - y. What are the prime factors of b?
2, 5
Suppose -110*k = -108*k - 62. List the prime factors of k.
31
Let z(s) = 5*s - 6. Let h be (1 + 5)*(-12 - -13). What are the prime factors of z(h)?
2, 3
Let h be -15*((-39)/15 - -2). Let v = h + -4. Suppose v*d - 3*d + 24 = 3*i, 0 = -3*i - 4*d + 24. What are the prime factors of i?
2
Suppose s = 3*s. What are the prime factors of 5 + (s - 3) - -9?
11
Suppose h - 18 = -5*n + 4, 68 = 5*h + 4*n. Let r = 5 - h. Let g = r - -16. List the prime factors of g.
3
Let c(z) = -z**3 + 6*z**2 + 6*z + 5. Let i be c(5). Let y be 0 + 3/((-3)/(-5)). Suppose -i = -y*f + f. What are the prime factors of f?
3,